when 102 is divided by j.
32
Let z(l) = -8*l - 16. Let n(w) = -3*w - 5. Let o(f) = 7*n(f) - 2*z(f). Calculate the remainder when o(-9) is divided by 15.
12
Let k be (-1 - -2) + 2 + 3. Suppose k = -2*j + 5*w, 2*j - 4 = w - 2. Let i(t) = 2*t**2. What is the remainder when 21 is divided by i(j)?
5
Let v(u) = 2*u**3 - u**2 + 3*u - 5. What is the remainder when v(3) is divided by 27?
22
Suppose 2*q + 0*q - 20 = 0. What is the remainder when 38 + (1 + -1 - 1) is divided by q?
7
Let l = 34 - 56. Let s = -15 - l. Calculate the remainder when s is divided by 5.
2
Let b(j) = -j - 2. Let o be b(4). Let k = o + 10. Calculate the remainder when k is divided by 2.
0
Let p(l) = 3*l**2 - 8*l + 4. What is the remainder when 34 is divided by p(4)?
14
Let f = 1 + 14. Let v be (8/(-5))/((-3)/f). Let b = v + 8. Calculate the remainder when b is divided by 9.
7
Let t = -1 + 8. What is the remainder when 13 is divided by t?
6
Suppose -r - 10 = -3*r. Calculate the remainder when 14 is divided by r.
4
Suppose -c + 24 = 8. Calculate the remainder when 62 is divided by c.
14
Let x = -30 + 45. Let m(q) = -7*q**3 - 2*q - 2. Calculate the remainder when m(-2) is divided by x.
13
Let k = -30 - -90. Suppose 3*f = k - 12. What is the remainder when 31 is divided by f?
15
Let h(b) = b**3 + 11*b**2 + 2*b - 12. Let s be 6/18 - 62/6. What is the remainder when h(s) is divided by 14?
12
Suppose -k + 4 = -16. Calculate the remainder when 98 is divided by k.
18
What is the remainder when 47 is divided by (-3)/(-21) + 332/28?
11
Let z(s) = -s**2 - 9*s. Suppose -10 = 4*m + 5*q, -2*m + 0*m - q - 8 = 0. Calculate the remainder when 38 is divided by z(m).
18
Suppose 5*z = 22 - 2. What is the remainder when (-6)/(-45) - ((-354)/45 - -1) is divided by z?
3
Suppose -n = 4*m - 20, 0*n + 2*n - 2*m = 30. What is the remainder when (-58)/((5 - 4) + -3) is divided by n?
13
Let n(j) = -j**2 - 9*j - 2. Let k be n(-8). Suppose k*y = 2*y + 84. Calculate the remainder when 81 is divided by y.
18
Let a = -28 - -19. Let c = 25 + a. What is the remainder when 30 is divided by c?
14
Let b(p) = 3*p**2 - 17*p - 13. Calculate the remainder when b(9) is divided by 16.
13
Suppose -a + 70 = 2. What is the remainder when a is divided by 14?
12
Let x(o) = 4*o - 58. What is the remainder when x(26) is divided by 18?
10
Calculate the remainder when 93 is divided by (-2*1/(-4))/(2/76).
17
Let z = 9 + -4. Suppose z*n = u - 10, -4*u + 3*n = -n - 24. What is the remainder when u is divided by 2?
1
Suppose 4*g + 0*g + 5 = -5*o, 2*g - 4*o = 4. Let l = 0 - -196. Suppose g*w - 4*w + l = 0. Calculate the remainder when w is divided by 13.
10
Let c = 66 - 13. What is the remainder when c is divided by 9?
8
Let g = 21 - 27. Let i(q) = -5*q + 2. Calculate the remainder when 127 is divided by i(g).
31
Let k(j) = j**3 - 3*j**2 + 2*j - 3. Let r be k(3). Suppose 0 = -r*a + a - 4*t + 14, 4*t + 20 = 0. What is the remainder when a is divided by 9?
8
Let a(n) = n**3 - 7*n**2 + 2*n - 10. Let j be a(7). Suppose -j*b = -0*b - 68. What is the remainder when 48 is divided by b?
14
Let z = 6 + -6. Suppose v - 13 - 8 = z. What is the remainder when 40 is divided by v?
19
Let k(h) = h**2 - 8*h + 17. Let a = 8 + -4. Suppose -a*z + 145 = z. Calculate the remainder when z is divided by k(7).
9
Calculate the remainder when 24/28 + 197/7 is divided by 16.
13
Suppose 5 = -5*j, v = 4*j - 0*j + 431. Let x = v + -304. Calculate the remainder when x is divided by 31.
30
Suppose 9 = 3*m + 3*l, -2 = 3*m - 2*l - 6. What is the remainder when 18 is divided by m?
0
Suppose 0 = -5*o + 3*o. Suppose -3*t + 27 = -o*t. Calculate the remainder when 25 is divided by t.
7
Let s = 18 + 2. What is the remainder when 57 is divided by s?
17
Let y = 16 - 7. Let u = -2 - -18. What is the remainder when u is divided by y?
7
Let d be 20/(-110) + 70/22. Suppose 0 = -k + 4*a - 13, -5*a + 19 + 10 = d*k. Calculate the remainder when 11 is divided by k.
2
Let c(l) = 3*l**2 - l - 6. Let d be c(-6). Suppose -3*f + d = f. What is the remainder when f is divided by (-35)/5*3/(-3)?
6
Let q be 3 - (1/(-1) + 1). Let w = -1 + q. What is the remainder when 9/(-6)*(-16)/6 is divided by w?
0
Let t(u) = 2*u - 1. Calculate the remainder when 55 is divided by t(10).
17
Suppose 0 = 2*y - 0*y - 30. What is the remainder when 162 is divided by y?
12
Let h be (1 + 1)/((-1)/(-4)). Calculate the remainder when 2/h + (-935)/(-20) is divided by 24.
23
Let c(t) = -t**3 + 8*t**2 + 5*t - 6. What is the remainder when c(8) is divided by 9?
7
Suppose 2*a + 2*b - 12 = b, 2*a + 5*b - 4 = 0. Calculate the remainder when 41 is divided by a.
6
Let j(r) = 3*r**2 + 2*r. Let u = -2 + 5. Suppose 5*i - 5*n = 20 + 25, 2*i + 5*n = -u. What is the remainder when j(2) is divided by i?
4
Let w(j) = j**3 - 3*j**2 - j. Let u be w(3). Let t = u + 5. Suppose -5*c = -g - 190, 0 = 5*c - t*g - 2*g - 175. What is the remainder when c is divided by 20?
19
Suppose -39 = 5*w - 6*w. Let z(p) = p**2 + 2*p + 2. What is the remainder when w is divided by z(-4)?
9
Let b = 2 + 7. Let m = 57 - 42. What is the remainder when m is divided by b?
6
Suppose 4 = -2*m + 20. What is the remainder when 14 + 1 + 0/(-1) is divided by m?
7
What is the remainder when (151 + -2 - 1) + -4 is divided by 37?
33
Let j(m) = -m**2 + 15*m - 5. What is the remainder when j(6) is divided by 2*-26*3/(-12)?
10
Suppose 4*x = 2*x + 82. What is the remainder when 120 is divided by x?
38
Let r(m) be the second derivative of m**4/12 + 2*m**3/3 + m**2/2 - 6*m. What is the remainder when r(-8) is divided by 17?
16
Calculate the remainder when 29 is divided by (-3)/(6/(-28)) - (27 + -23).
9
Let d(j) = j**3 - 8*j**2 + 3*j - 5. What is the remainder when -2 - (-2)/((-2)/(-77)) is divided by d(8)?
18
Suppose 11 = -0*c + c + 2*n, 0 = -n + 3. Suppose -5*h - 2*w = 28 - 83, -w = 5*h - 60. Calculate the remainder when h is divided by c.
3
Let u(l) = -5*l + 6*l + 2 + 3 - l**3. Let q be u(0). Let w(t) = t**2 + 4*t - 7. Calculate the remainder when w(q) is divided by 13.
12
Let z(q) = -3*q - 9. Let i be z(-7). Let m = i + -5. Calculate the remainder when m is divided by 3.
1
Let p(z) = 6*z - 10. Let r(l) = l - 1. Let q(t) = -p(t) + 3*r(t). Let n be q(-7). Let d = 71 - n. What is the remainder when d is divided by 15?
13
Let s(r) = 5*r**2 + r + 3. Let j be s(-3). Suppose j = i + 2*i. Calculate the remainder when 59 is divided by i.
14
What is the remainder when (0 - -65) + -1*0/1 is divided by 34?
31
Suppose -3*v = -6*v - 333. What is the remainder when (-6)/15 + v/(-15) is divided by 4?
3
Suppose 4*g - 3*j - 31 = 0, 4*j + 3 = -1. Suppose -v = 6 - 25. Calculate the remainder when v is divided by g.
5
Let n = -18 - -15. Let r = 85 + n. Calculate the remainder when r is divided by 21.
19
Suppose -3 = 2*z - 45. Calculate the remainder when 41 is divided by z.
20
What is the remainder when (11/(-2))/(4/(-24)) is divided by 18?
15
Let a(k) = -k**3 - 2*k**2 - k - 2. Let h be a(-2). Let n(r) = r**3 + r + 24. Let d be n(h). Let t = 44 - d. Calculate the remainder when 58 is divided by t.
18
Suppose 0 = -3*i + 5*m + 22, -5*m - 1 + 24 = 2*i. What is the remainder when 25 is divided by i?
7
Let m be 16/2*3/(-2). Calculate the remainder when 25 is divided by (-2)/m - (-154)/12.
12
What is the remainder when 4 + 47 + (2 - 6) is divided by 1/(2/34) - 1?
15
Suppose -3*g - 2*m = 2*g, -4*g = -4*m. Suppose g = 4*j - j - 24. What is the remainder when 15 is divided by j?
7
Let h(v) = -v**3 + 9*v**2 + 12*v - 12. Let q = 0 + -5. Let p(i) = i**2 + 2*i + 7. Calculate the remainder when p(q) is divided by h(10).
6
Let h(p) = -p + 3. Let f be h(-4). Calculate the remainder when 4*(f - 2/(-2)) is divided by 11.
10
What is the remainder when (42/3)/(6/75) is divided by 22?
21
Let o be (5 - (5 - 3)) + 2. Suppose 2*n + o = 57. Suppose -n = -2*c + 6. Calculate the remainder when c is divided by 6.
4
Let f = -6 - -19. Let c(i) = 46*i + 2. Let s be c(2). What is the remainder when f is divided by s/18 - (-8)/(-36)?
3
Let v(g) = -g**3 - 7*g**2 + 13*g + 6. Let q be v(-9). Suppose -3 = -3*o + q. What is the remainder when 70 is divided by o?
16
Let a = 32 + 30. Calculate the remainder when a is divided by 16.
14
Let l = -31 + 60. Suppose 2*m = 3*f - 41, -3*m = -f - f + l. Let v = 85 - 49. What is the remaind